{"id":1641,"date":"2018-03-19T12:52:58","date_gmt":"2014-12-09T13:18:06","guid":{"rendered":"http:\/\/bokshop.lu.se.webbhotell.ldc.lu.se\/product\/baudelaire-2"},"modified":"2015-12-03T15:03:37","modified_gmt":"2015-12-03T14:03:37","slug":"baudelaire","status":"publish","type":"product","link":"https:\/\/www.bokshop.lu.se\/en\/produkt\/baudelaire\/","title":{"rendered":"Diskurspartiklar hos ungdomar i m\u00e5ngspr\u00e5kiga milj\u00f6er i Malm\u00f6"},"content":{"rendered":"<p><span style=\"\" >Diskurspartiklar som duvet, ba(ra), ju, liksom och typ f&ouml;rekommer frekvent i talspr&aring;ket, s&auml;rskilt hos ungdomar. I denna avhandling beskrivs funktion och betydelse hos de ovan n&auml;mnda diskurspartiklarna i tv&aring; grupper med kvinnliga gymnasister i Malm&ouml;.<\/p>\n<p>Diskurspartiklarna &auml;r polyfunktionella s&aring;v&auml;l som polysema och fungerar inom olika niv&aring;er i det talade spr&aring;ket f&ouml;r att underl&auml;tta interaktionen mellan talare och lyssnare. De fungerar som lystringssignaler, turtagningsmark&ouml;rer, fokuserare och modifierare samt som tolkningsram f&ouml;r kommande utsagor. De anv&auml;nds ocks&aring; f&ouml;r att markera gr&auml;nser, skapa n&auml;rhet och trov&auml;rdighet i samvaron mellan deltagarna samt som pausfyllnad. <\/p>\n<p>De b&aring;da grupperna best&aring;r av enspr&aring;kiga respektive flerspr&aring;kiga informanter. Grupperna uppvisar en likartad samtalsstil men skiljer sig &aring;t vad g&auml;ller anv&auml;ndning av diskurspartiklarna. Skillnaderna kan f&ouml;rklaras dels av ungdomarnas &ouml;nskan om identitetsskapande och samh&ouml;righet inom grupperna, dels av ungdomarnas spr&aring;kliga bakgrund.<br \/><\/span><\/p>\n","protected":false},"excerpt":{"rendered":"<p>Diskurspartiklar som duvet, ba(ra), ju, liksom och typ f&ouml;rekommer frekvent i talspr&aring;ket, s&auml;rskilt hos ungdomar. I denna avhandling beskrivs funktion och betydelse hos de ovan n&auml;mnda diskurspartiklarna i tv&aring; grupper med kvinnliga gymnasister i Malm&ouml;. Diskurspartiklarna &auml;r polyfunktionella s&aring;v&auml;l som polysema och fungerar inom olika niv&aring;er i det talade spr&aring;ket f&ouml;r att underl&auml;tta interaktionen mellan [&hellip;]<\/p>\n","protected":false},"featured_media":1642,"template":"","meta":{"_acf_changed":false,"_relevanssi_hide_post":"","_relevanssi_hide_content":"","_relevanssi_pin_for_all":"","_relevanssi_pin_keywords":"","_relevanssi_unpin_keywords":"","_relevanssi_related_keywords":"","_relevanssi_related_include_ids":"","_relevanssi_related_exclude_ids":"","_relevanssi_related_no_append":"","_relevanssi_related_not_related":"","_relevanssi_related_posts":"","_relevanssi_noindex_reason":""},"product_brand":[],"product_cat":[87],"product_tag":[],"class_list":{"0":"post-1641","1":"product","2":"type-product","3":"status-publish","4":"has-post-thumbnail","6":"product_cat-absalon-skrifter-i-litteraturvetenskap-utgivna-vid-sprak-och-litteraturcentrum-i-lund-languages-and-literature","8":"first","9":"instock","10":"taxable","11":"shipping-taxable","12":"purchasable","13":"product-type-simple"},"acf":[],"_links":{"self":[{"href":"https:\/\/www.bokshop.lu.se\/en\/wp-json\/wp\/v2\/product\/1641","targetHints":{"allow":["GET"]}}],"collection":[{"href":"https:\/\/www.bokshop.lu.se\/en\/wp-json\/wp\/v2\/product"}],"about":[{"href":"https:\/\/www.bokshop.lu.se\/en\/wp-json\/wp\/v2\/types\/product"}],"wp:featuredmedia":[{"embeddable":true,"href":"https:\/\/www.bokshop.lu.se\/en\/wp-json\/wp\/v2\/media\/1642"}],"wp:attachment":[{"href":"https:\/\/www.bokshop.lu.se\/en\/wp-json\/wp\/v2\/media?parent=1641"}],"wp:term":[{"taxonomy":"product_brand","embeddable":true,"href":"https:\/\/www.bokshop.lu.se\/en\/wp-json\/wp\/v2\/product_brand?post=1641"},{"taxonomy":"product_cat","embeddable":true,"href":"https:\/\/www.bokshop.lu.se\/en\/wp-json\/wp\/v2\/product_cat?post=1641"},{"taxonomy":"product_tag","embeddable":true,"href":"https:\/\/www.bokshop.lu.se\/en\/wp-json\/wp\/v2\/product_tag?post=1641"}],"curies":[{"name":"wp","href":"https:\/\/api.w.org\/{rel}","templated":true}]}}

Diskurspartiklar hos ungdomar i mångspråkiga miljöer i Malmö
