{"id":12365,"date":"2025-12-01T15:47:54","date_gmt":"2025-12-01T14:47:54","guid":{"rendered":"http:\/\/www.bokshop.lu.se\/?post_type=product&#038;p=12365"},"modified":"2025-12-01T15:47:54","modified_gmt":"2025-12-01T14:47:54","slug":"att-bli-konstnar","status":"publish","type":"product","link":"https:\/\/www.bokshop.lu.se\/en\/uncategorized\/att-bli-konstnar\/","title":{"rendered":"Att bli konstn\u00e4r"},"content":{"rendered":"<p>I <span style=\"font-family: 'Verdana'; font-style: italic;\">Att bli konstn\u00e4r<\/span> st\u00e4ller Henrik Stenberg fr\u00e5gan varf\u00f6r unga m\u00e4nniskor vill bli konstn\u00e4rer, och vilken mening det konstn\u00e4r-liga skapandet kan t\u00e4nkas ge dem. En grupp unga konstelever har intervjuats. F\u00f6r var och en av de intervjuade \u00e4r konstens mening h\u00f6gst personlig samtidigt som mening ocks\u00e5 skapas i den konstn\u00e4rliga gemenskap eleverna ing\u00e5r i. F\u00f6rfattaren stude-rar denna gemenskaps betydelse f\u00f6r konstelevernas konstn\u00e4rliga och personliga utveckling och f\u00f6ljer de individuella v\u00e4garna till ett eget konstn\u00e4rskap.<br \/>\nEtt genomg\u00e5ende tema i konstelevernas ber\u00e4ttelser \u00e4r deras vilja att unders\u00f6ka olika f\u00f6reteelser fr\u00e5n en subjektiv utg\u00e5ngs-punkt, f\u00f6r att p\u00e5 s\u00e5 s\u00e4tt ge olika fenomen m\u00e5ngtydiga betydelser samt \u00f6verskrida personliga och sociala gr\u00e4nser. Konstelevernas verksamhet f\u00f6rst\u00e5s med hj\u00e4lp av sociologisk och socialpsykolo-gisk teori om individens situation i det senmoderna samh\u00e4llet. I m\u00f6tet mellan konstelevernas ber\u00e4ttelser och modern samh\u00e4lls-teori uppkommer en diskussion om identitet, sociala \u00f6verskri-danden och subjektivitetens roll i samh\u00e4llet.<\/p>\n","protected":false},"excerpt":{"rendered":"<p>I Att bli konstn\u00e4r st\u00e4ller Henrik Stenberg fr\u00e5gan varf\u00f6r unga m\u00e4nniskor vill bli konstn\u00e4rer, och vilken mening det konstn\u00e4r-liga skapandet kan t\u00e4nkas ge dem. En grupp unga konstelever har intervjuats. F\u00f6r var och en av de intervjuade \u00e4r konstens mening h\u00f6gst personlig samtidigt som mening ocks\u00e5 skapas i den konstn\u00e4rliga gemenskap eleverna ing\u00e5r i. F\u00f6rfattaren [&hellip;]<\/p>\n","protected":false},"featured_media":12367,"template":"","meta":{"_acf_changed":false,"_relevanssi_hide_post":"","_relevanssi_hide_content":"","_relevanssi_pin_for_all":"","_relevanssi_pin_keywords":"","_relevanssi_unpin_keywords":"","_relevanssi_related_keywords":"","_relevanssi_related_include_ids":"","_relevanssi_related_exclude_ids":"","_relevanssi_related_no_append":"","_relevanssi_related_not_related":"","_relevanssi_related_posts":"","_relevanssi_noindex_reason":""},"product_brand":[],"product_cat":[152],"product_tag":[],"class_list":{"0":"post-12365","1":"product","2":"type-product","3":"status-publish","4":"has-post-thumbnail","6":"product_cat-lund-dissertations-in-sociology-department-of-sociology","8":"first","9":"instock","10":"taxable","11":"shipping-taxable","12":"purchasable","13":"product-type-simple"},"acf":[],"_links":{"self":[{"href":"https:\/\/www.bokshop.lu.se\/en\/wp-json\/wp\/v2\/product\/12365","targetHints":{"allow":["GET"]}}],"collection":[{"href":"https:\/\/www.bokshop.lu.se\/en\/wp-json\/wp\/v2\/product"}],"about":[{"href":"https:\/\/www.bokshop.lu.se\/en\/wp-json\/wp\/v2\/types\/product"}],"wp:featuredmedia":[{"embeddable":true,"href":"https:\/\/www.bokshop.lu.se\/en\/wp-json\/wp\/v2\/media\/12367"}],"wp:attachment":[{"href":"https:\/\/www.bokshop.lu.se\/en\/wp-json\/wp\/v2\/media?parent=12365"}],"wp:term":[{"taxonomy":"product_brand","embeddable":true,"href":"https:\/\/www.bokshop.lu.se\/en\/wp-json\/wp\/v2\/product_brand?post=12365"},{"taxonomy":"product_cat","embeddable":true,"href":"https:\/\/www.bokshop.lu.se\/en\/wp-json\/wp\/v2\/product_cat?post=12365"},{"taxonomy":"product_tag","embeddable":true,"href":"https:\/\/www.bokshop.lu.se\/en\/wp-json\/wp\/v2\/product_tag?post=12365"}],"curies":[{"name":"wp","href":"https:\/\/api.w.org\/{rel}","templated":true}]}}

Att bli konstnär

<p>I <span style="font-family: 'Verdana'; font-style: italic;">Att bli konstnär</span> ställer Henrik Stenberg frågan varför unga människor vill bli konstnärer, och vilken mening det konstnär-liga skapandet kan tänkas ge dem. En grupp unga konstelever har intervjuats. För var och en av de intervjuade är konstens mening högst personlig samtidigt som mening också skapas i den konstnärliga gemenskap eleverna ingår i. Författaren stude-rar denna gemenskaps betydelse för konstelevernas konstnärliga och personliga utveckling och följer de individuella vägarna till ett eget konstnärskap.<br />
Ett genomgående tema i konstelevernas berättelser är deras vilja att undersöka olika företeelser från en subjektiv utgångs-punkt, för att på så sätt ge olika fenomen mångtydiga betydelser samt överskrida personliga och sociala gränser. Konstelevernas verksamhet förstås med hjälp av sociologisk och socialpsykolo-gisk teori om individens situation i det senmoderna samhället. I mötet mellan konstelevernas berättelser och modern samhälls-teori uppkommer en diskussion om identitet, sociala överskri-danden och subjektivitetens roll i samhället.</p>

<p>I Att bli konstnär ställer Henrik Stenberg frågan varför unga människor vill bli konstnärer, och vilken mening det konstnär-liga skapandet kan tänkas ge dem. En grupp unga konstelever har intervjuats. För var och en av de intervjuade är konstens mening högst personlig samtidigt som mening också skapas i den konstnärliga gemenskap eleverna ingår i. Författaren [&hellip;]</p>
